{"id":151,"date":"2017-04-22T11:26:17","date_gmt":"2017-04-22T11:26:17","guid":{"rendered":"http:\/\/29ps.cz\/?page_id=151"},"modified":"2026-03-01T18:56:17","modified_gmt":"2026-03-01T18:56:17","slug":"fotogalerie","status":"publish","type":"page","link":"https:\/\/29ps.cz\/?page_id=151","title":{"rendered":"Fotogalerie"},"content":{"rendered":"<p><a href=\"https:\/\/www.facebook.com\/media\/set\/?set=a.5290500674299218&amp;type=3\">Putov\u00e1n\u00ed kolem Lu\u017enice 2021<\/a><\/p>\n<p><a href=\"https:\/\/www.facebook.com\/media\/set\/?set=a.5290480614301224&amp;type=3\">Vltava 2021<\/a><\/p>\n<p><a href=\"https:\/\/www.facebook.com\/media\/set\/?set=a.5191571644192122&amp;type=3\">Vikingov\u00e9 2021&nbsp;3.&nbsp;\u010d\u00e1st<\/a><\/p>\n<p><a href=\"https:\/\/www.facebook.com\/media\/set\/?set=a.5176040462411907&amp;type=3\">Vikingov\u00e9 2021&nbsp;2.&nbsp;\u010d\u00e1st<\/a><\/p>\n<p><a href=\"https:\/\/www.facebook.com\/media\/set\/?set=a.5173184999364120&amp;type=3\">Vikingov\u00e9 2021&nbsp;1.&nbsp;\u010d\u00e1st<\/a><\/p>\n<p><a href=\"https:\/\/www.facebook.com\/media\/set\/?vanity=29Pavek&amp;set=a.3168325423183431\">Jaro\u0161ov nad Ne\u017e\u00e1rkou 2019<\/a><\/p>\n<p><a href=\"https:\/\/www.facebook.com\/pg\/29Pavek\/photos\/?tab=album&amp;album_id=3129783113704329\">Brdy 2019<\/a><\/p>\n<p><a href=\"https:\/\/www.facebook.com\/pg\/29Pavek\/photos\/?tab=album&amp;album_id=3001276809888294\">Kolonizace 2000019 II<\/a><\/p>\n<p><a href=\"https:\/\/www.facebook.com\/pg\/29Pavek\/photos\/?tab=album&amp;album_id=2984393531576622\">Kolonizace 2000019 I<\/a><\/p>\n<p><a href=\"https:\/\/www.facebook.com\/pg\/29Pavek\/photos\/?tab=album&amp;album_id=2881493315199978\">Lu\u017enice 2019<\/a><\/p>\n<p><a href=\"https:\/\/www.facebook.com\/pg\/29Pavek\/photos\/?tab=album&amp;album_id=2882878158394827\">V\u00fdprava za z\u00e1hadou do Mal\u00edkovsk\u00fdch skal 2019<\/a><\/p>\n<p><a href=\"https:\/\/www.facebook.com\/pg\/29Pavek\/photos\/?tab=album&amp;album_id=2677616638920981\">P\u00e1velympi\u00e1da 2019<\/a><\/p>\n<p><a href=\"https:\/\/www.facebook.com\/pg\/29Pavek\/photos\/?tab=album&amp;album_id=2482565821759398\">Vltava 2018<\/a><\/p>\n<p><a href=\"https:\/\/www.facebook.com\/pg\/29Pavek\/photos\/?tab=album&amp;album_id=2403475419668439\">P\u00e1vek &#8211; Prav\u011bk 2018&nbsp;2.&nbsp;\u010d\u00e1st<\/a><\/p>\n<p><a href=\"https:\/\/www.facebook.com\/pg\/29Pavek\/photos\/?tab=album&amp;album_id=2360333307315984\">P\u00e1vek &#8211; Prav\u011bk 2018&nbsp;1.&nbsp;\u010d\u00e1st<\/a><\/p>\n<p><a href=\"https:\/\/www.facebook.com\/pg\/29Pavek\/photos\/?tab=album&amp;album_id=1930870900262229\">S\u00e1zava 2017<\/a><\/p>\n<p><a href=\"https:\/\/www.facebook.com\/pg\/29Pavek\/photos\/?tab=album&amp;album_id=1880300068652646\">P\u00e1vek &#8211; Indi\u00e1ni 2017&nbsp;2.\u010d\u00e1st<\/a><\/p>\n<p><a href=\"https:\/\/www.facebook.com\/pg\/29Pavek\/photos\/?tab=album&amp;album_id=1874369585912361\">P\u00e1vek &#8211; Indi\u00e1ni 2017&nbsp;1.\u010d\u00e1st<\/a><\/p>\n<p><a href=\"https:\/\/www.facebook.com\/pg\/29Pavek\/photos\/?tab=album&amp;album_id=1758869577462363\">Pozdrav z&nbsp;Chomutova 2017<\/a><\/p>\n<p><a href=\"https:\/\/www.facebook.com\/pg\/29Pavek\/photos\/?tab=album&amp;album_id=1674312125918109\">II. zimn\u00ed P\u00e1vkovsk\u00e9 olympijsk\u00e9 hry 2017<\/a><\/p>\n<p><a href=\"https:\/\/www.facebook.com\/pg\/29Pavek\/photos\/?tab=album&amp;album_id=1510187745663882\">Jaro\u0161ov 2016<\/a><\/p>\n<p><a href=\"https:\/\/www.facebook.com\/pg\/29Pavek\/photos\/?tab=album&amp;album_id=1471646206184703\">Vltava 2016<\/a><\/p>\n<p><a href=\"https:\/\/www.facebook.com\/pg\/29Pavek\/photos\/?tab=album&amp;album_id=1437990626216928\">P\u00e1vek &#8211; Cesta kolem sv\u011bta 2016 II. \u010d\u00e1st<\/a><\/p>\n<p><a href=\"https:\/\/www.facebook.com\/pg\/29Pavek\/photos\/?tab=album&amp;album_id=1431029436913047\">P\u00e1vek &#8211; Cesta kolem sv\u011bta 2016 I. \u010d\u00e1st<\/a><\/p>\n<p><a href=\"https:\/\/www.facebook.com\/pg\/29Pavek\/photos\/?tab=album&amp;album_id=1430667980282526\">The P\u00e1vek Times<\/a><\/p>\n<p><a href=\"https:\/\/www.facebook.com\/pg\/29Pavek\/photos\/?tab=album&amp;album_id=1394277533921571\">V\u00edkendov\u00e1 akce u Orl\u00edku 2016<\/a><\/p>\n<p><a href=\"https:\/\/www.facebook.com\/pg\/29Pavek\/photos\/?tab=album&amp;album_id=1318658791483446\">Z\u00e1hada Bukovsko 2016<\/a><\/p>\n<p><a href=\"https:\/\/www.facebook.com\/pg\/29Pavek\/photos\/?tab=album&amp;album_id=1247349431947716\">Commandos III 2015<\/a><\/p>\n<p><a href=\"https:\/\/www.facebook.com\/pg\/29Pavek\/photos\/?tab=album&amp;album_id=1231368106879182\">Prav\u011bk 2015<\/a><\/p>\n<p><a href=\"https:\/\/www.facebook.com\/pg\/29Pavek\/photos\/?tab=album&amp;album_id=1181580405191286\">P\u00e1vek &#8211; Pir\u00e1ti 2015&nbsp;2.&nbsp;\u010d\u00e1st<\/a><\/p>\n<p><a href=\"https:\/\/www.facebook.com\/pg\/29Pavek\/photos\/?tab=album&amp;album_id=1177861448896515\">P\u00e1vek &#8211; Pir\u00e1ti 2015&nbsp;1.&nbsp;\u010d\u00e1st<\/a><\/p>\n<p><a href=\"https:\/\/www.facebook.com\/pg\/29Pavek\/photos\/?tab=album&amp;album_id=1154540561228604\">Ne\u017e\u00e1rka 2015<\/a><\/p>\n<p><a href=\"https:\/\/www.facebook.com\/pg\/29Pavek\/photos\/?tab=album&amp;album_id=1121647731184554\">\u0160umava II 2015<\/a><\/p>\n<p><a href=\"https:\/\/www.facebook.com\/pg\/29Pavek\/photos\/?tab=album&amp;album_id=1113446265338034\">I. p\u00e1vkovsk\u00e9 olympijsk\u00e9 hry 2015<\/a><\/p>\n<p><a href=\"https:\/\/www.facebook.com\/pg\/29Pavek\/photos\/?tab=album&amp;album_id=1063748510307810\">Kru\u0161n\u00e9 hory 2015<\/a><\/p>\n<p><a href=\"https:\/\/www.facebook.com\/pg\/29Pavek\/photos\/?tab=album&amp;album_id=1011137622235566\">Comandos II survive 2014<\/a><\/p>\n<p><a href=\"https:\/\/www.facebook.com\/pg\/29Pavek\/photos\/?tab=album&amp;album_id=997182820297713\">Vandr PP Homolka-Voj\u00ed\u0159ov 2014<\/a><\/p>\n<p><a href=\"https:\/\/www.facebook.com\/pg\/29Pavek\/photos\/?tab=album&amp;album_id=968857309796931\">Jaro\u0161ov 2014<\/a><\/p>\n<p><a href=\"https:\/\/www.facebook.com\/pg\/29Pavek\/photos\/?tab=album&amp;album_id=940146422668020\">P\u00e1vek &#8211; Hra o tr\u016fny 2014&nbsp;2.&nbsp;\u010d\u00e1st<\/a><\/p>\n<p><a href=\"https:\/\/www.facebook.com\/pg\/29Pavek\/photos\/?tab=album&amp;album_id=936261013056561\">P\u00e1vek &#8211; Hra o tr\u016fny 2014&nbsp;1.&nbsp;\u010d\u00e1st<\/a><\/p>\n<p><a href=\"https:\/\/www.facebook.com\/pg\/29Pavek\/photos\/?tab=album&amp;album_id=894294687253194\">Vandr Brdy 2014<\/a><\/p>\n<p><a href=\"https:\/\/www.facebook.com\/pg\/29Pavek\/photos\/?tab=album&amp;album_id=879720122043984\">Orl\u00edk 2014<\/a><\/p>\n<p><a href=\"https:\/\/www.facebook.com\/pg\/29Pavek\/photos\/?tab=album&amp;album_id=861585713857425\">Brig\u00e1da 2014<\/a><\/p>\n<p><a href=\"https:\/\/www.facebook.com\/pg\/29Pavek\/photos\/?tab=album&amp;album_id=785132624836068\">Comanndos P\u00e1vek 2013<\/a><\/p>\n<p><a href=\"https:\/\/www.facebook.com\/pg\/29Pavek\/photos\/?tab=album&amp;album_id=760565107292820\">UFO v&nbsp;Doln\u00edm Bukovsku 2013<\/a><\/p>\n<p><a href=\"https:\/\/www.facebook.com\/pg\/29Pavek\/photos\/?tab=album&amp;album_id=745718572110807\">S\u00e1zava 2013<\/a><\/p>\n<p><a href=\"https:\/\/www.facebook.com\/pg\/29Pavek\/photos\/?tab=album&amp;album_id=713582838657714\">P\u00e1vek &#8211; The Godfather 2013<\/a><\/p>\n<p><a href=\"https:\/\/www.facebook.com\/pg\/29Pavek\/photos\/?tab=album&amp;album_id=672022116147120\">Putov\u00e1n\u00ed Blansk\u00fdm lesem II 2013<\/a><\/p>\n<p><a href=\"https:\/\/www.facebook.com\/pg\/29Pavek\/photos\/?tab=album&amp;album_id=621553134527352\">Zimn\u00ed P\u00e1vek 2013<\/a><\/p>\n<p><a href=\"https:\/\/www.facebook.com\/pg\/29Pavek\/photos\/?tab=album&amp;album_id=613228275359838\">Gangstersk\u00e9 prom\u00edt\u00e1n\u00ed 2012<\/a><\/p>\n<p><a href=\"https:\/\/www.facebook.com\/pg\/29Pavek\/photos\/?tab=album&amp;album_id=551474898201843\">Podzimn\u00ed p\u00e1vek 2012<\/a><\/p>\n<p><a href=\"https:\/\/www.facebook.com\/pg\/29Pavek\/photos\/?tab=album&amp;album_id=532897736726226\">Lu\u017enice do Bechyn\u011b a \u017didova strouha 2012<\/a><\/p>\n<p><a href=\"https:\/\/www.facebook.com\/pg\/29Pavek\/photos\/?tab=album&amp;album_id=514655245217142\">P\u00e1vek &#8211; P\u00e1n prsten\u016f 2012<\/a><\/p>\n<p><a href=\"https:\/\/www.facebook.com\/pg\/29Pavek\/photos\/?tab=album&amp;album_id=462543380428329\">Brdy 2012<\/a><\/p>\n<p><a href=\"https:\/\/www.facebook.com\/pg\/29Pavek\/photos\/?tab=album&amp;album_id=399575990058402\">Zimn\u00ed P\u00e1vek 201<\/a>2<\/p>\n<p><a href=\"https:\/\/www.facebook.com\/pg\/29Pavek\/photos\/?tab=album&amp;album_id=290829910933011\">Putov\u00e1n\u00ed Blansk\u00fdm lesem 2011<\/a><\/p>\n<p><a href=\"https:\/\/www.facebook.com\/pg\/29Pavek\/photos\/?tab=album&amp;album_id=269710183044984\">P\u00e1vek &#8211; Egypt 2011 p\u0159.n.l. 3.\u010d\u00e1st<\/a><\/p>\n<p><a href=\"https:\/\/www.facebook.com\/pg\/29Pavek\/photos\/?tab=album&amp;album_id=269206813095321\">P\u00e1vek &#8211; Egypt 2011 p\u0159.n.l. 2.\u010d\u00e1st<\/a><\/p>\n<p><a href=\"https:\/\/www.facebook.com\/pg\/29Pavek\/photos\/?tab=album&amp;album_id=265446160138053\">P\u00e1vek &#8211; Egypt 2011 p\u0159.n.l. 1.\u010d\u00e1st<\/a><\/p>\n<p><a href=\"https:\/\/www.facebook.com\/pg\/29Pavek\/photos\/?tab=album&amp;album_id=195706497112020\">Pol\u00e1rn\u00ed v\u00fdprava 2011<\/a><\/p>\n<p><a href=\"https:\/\/www.facebook.com\/pg\/29Pavek\/photos\/?tab=album&amp;album_id=149645815051422\">P\u00e1vek &#8211; Zombieland 2010<\/a><\/p>\n<p><a href=\"https:\/\/www.facebook.com\/pg\/29Pavek\/photos\/?tab=album&amp;album_id=159750287374308\">Brdy 2010<\/a><\/p>\n<p><a href=\"https:\/\/www.facebook.com\/pg\/29Pavek\/photos\/?tab=album&amp;album_id=148721958477141\">P\u00e1vek &#8211; Znamen\u00ed zv\u011brokruhu 2009<\/a><\/p>\n<p><a href=\"https:\/\/www.facebook.com\/pg\/29Pavek\/photos\/?tab=album&amp;album_id=149798945036109\">Brdy 2009<\/a><\/p>\n<p><a href=\"https:\/\/www.facebook.com\/pg\/29Pavek\/photos\/?tab=album&amp;album_id=148836081799062\">P\u00e1vek &#8211; Mimozem\u0161\u0165an\u00e9 2008<\/a><\/p>\n<p><a href=\"https:\/\/www.facebook.com\/pg\/29Pavek\/photos\/?tab=album&amp;album_id=149021718447165\">P\u00e1vek &#8211; Dob\u00fdv\u00e1n\u00ed p\u00f3l\u016f 2007<\/a><\/p>\n<p><a href=\"https:\/\/www.facebook.com\/pg\/29Pavek\/photos\/?tab=album&amp;album_id=149803815035622\">P\u00e1vek &#8211; Indi\u00e1ni 2006<\/a><\/p>\n<p><a href=\"https:\/\/www.facebook.com\/pg\/29Pavek\/photos\/?tab=album&amp;album_id=149847838364553\">P\u00e1vek kdysi<\/a><\/p>\n","protected":false},"excerpt":{"rendered":"<p>Putov\u00e1n\u00ed kolem Lu\u017enice 2021 Vltava 2021 Vikingov\u00e9 2021&nbsp;3.&nbsp;\u010d\u00e1st Vikingov\u00e9 2021&nbsp;2.&nbsp;\u010d\u00e1st Vikingov\u00e9 2021&nbsp;1.&nbsp;\u010d\u00e1st Jaro\u0161ov nad Ne\u017e\u00e1rkou 2019 Brdy 2019 Kolonizace 2000019 II Kolonizace 2000019 I Lu\u017enice 2019 V\u00fdprava za z\u00e1hadou do Mal\u00edkovsk\u00fdch skal 2019 P\u00e1velympi\u00e1da 2019 Vltava 2018 P\u00e1vek &#8211; Prav\u011bk 2018&nbsp;2.&nbsp;\u010d\u00e1st P\u00e1vek &#8211; Prav\u011bk 2018&nbsp;1.&nbsp;\u010d\u00e1st S\u00e1zava 2017 P\u00e1vek &#8211; Indi\u00e1ni 2017&nbsp;2.\u010d\u00e1st P\u00e1vek &#8211; Indi\u00e1ni 2017&nbsp;1.\u010d\u00e1st&hellip;<\/p>\n","protected":false},"author":1,"featured_media":0,"parent":0,"menu_order":0,"comment_status":"closed","ping_status":"closed","template":"","meta":{"footnotes":""},"_links":{"self":[{"href":"https:\/\/29ps.cz\/index.php?rest_route=\/wp\/v2\/pages\/151"}],"collection":[{"href":"https:\/\/29ps.cz\/index.php?rest_route=\/wp\/v2\/pages"}],"about":[{"href":"https:\/\/29ps.cz\/index.php?rest_route=\/wp\/v2\/types\/page"}],"author":[{"embeddable":true,"href":"https:\/\/29ps.cz\/index.php?rest_route=\/wp\/v2\/users\/1"}],"replies":[{"embeddable":true,"href":"https:\/\/29ps.cz\/index.php?rest_route=%2Fwp%2Fv2%2Fcomments&post=151"}],"version-history":[{"count":29,"href":"https:\/\/29ps.cz\/index.php?rest_route=\/wp\/v2\/pages\/151\/revisions"}],"predecessor-version":[{"id":639,"href":"https:\/\/29ps.cz\/index.php?rest_route=\/wp\/v2\/pages\/151\/revisions\/639"}],"wp:attachment":[{"href":"https:\/\/29ps.cz\/index.php?rest_route=%2Fwp%2Fv2%2Fmedia&parent=151"}],"curies":[{"name":"wp","href":"https:\/\/api.w.org\/{rel}","templated":true}]}}